{"id":831,"date":"2021-03-05T20:10:28","date_gmt":"2021-03-05T19:10:28","guid":{"rendered":"https:\/\/mfm-avocat.fr\/index.php\/about-us\/"},"modified":"2026-02-26T11:25:26","modified_gmt":"2026-02-26T10:25:26","slug":"a-propos","status":"publish","type":"page","link":"https:\/\/mfm-avocat.fr\/index.php\/a-propos\/","title":{"rendered":"A propos"},"content":{"rendered":"\t\t<div data-elementor-type=\"wp-page\" data-elementor-id=\"831\" class=\"elementor elementor-831\">\n\t\t\t\t\t\t<section class=\"elementor-section elementor-top-section elementor-element elementor-element-4e7752d elementor-section-height-min-height elementor-section-boxed elementor-section-height-default elementor-section-items-middle\" data-id=\"4e7752d\" data-element_type=\"section\" data-e-type=\"section\" data-settings=\"{&quot;background_background&quot;:&quot;classic&quot;}\">\n\t\t\t\t\t\t\t<div class=\"elementor-background-overlay\"><\/div>\n\t\t\t\t\t\t\t<div class=\"elementor-container elementor-column-gap-no\">\n\t\t\t\t\t<div class=\"elementor-column elementor-col-100 elementor-top-column elementor-element elementor-element-50f6e4e\" data-id=\"50f6e4e\" data-element_type=\"column\" data-e-type=\"column\">\n\t\t\t<div class=\"elementor-widget-wrap elementor-element-populated\">\n\t\t\t\t\t\t<div class=\"elementor-element elementor-element-b8dd794 elementor-widget elementor-widget-heading\" data-id=\"b8dd794\" data-element_type=\"widget\" data-e-type=\"widget\" data-widget_type=\"heading.default\">\n\t\t\t\t<div class=\"elementor-widget-container\">\n\t\t\t\t\t<h2 class=\"elementor-heading-title elementor-size-default\">A propos de Ma\u00eetre FORNES-MARIN<\/h2>\t\t\t\t<\/div>\n\t\t\t\t<\/div>\n\t\t\t\t\t<\/div>\n\t\t<\/div>\n\t\t\t\t\t<\/div>\n\t\t<\/section>\n\t\t\t\t<section class=\"elementor-section elementor-top-section elementor-element elementor-element-c79a29d elementor-section-content-middle elementor-section-boxed elementor-section-height-default elementor-section-height-default\" data-id=\"c79a29d\" data-element_type=\"section\" data-e-type=\"section\">\n\t\t\t\t\t\t<div class=\"elementor-container elementor-column-gap-no\">\n\t\t\t\t\t<div class=\"elementor-column elementor-col-50 elementor-top-column elementor-element elementor-element-ec4deda\" data-id=\"ec4deda\" data-element_type=\"column\" data-e-type=\"column\">\n\t\t\t<div class=\"elementor-widget-wrap elementor-element-populated\">\n\t\t\t\t\t\t<div class=\"elementor-element elementor-element-0dfbf84 elementor-widget-divider--view-line elementor-widget elementor-widget-divider\" data-id=\"0dfbf84\" data-element_type=\"widget\" data-e-type=\"widget\" data-widget_type=\"divider.default\">\n\t\t\t\t<div class=\"elementor-widget-container\">\n\t\t\t\t\t\t\t<div class=\"elementor-divider\">\n\t\t\t<span class=\"elementor-divider-separator\">\n\t\t\t\t\t\t<\/span>\n\t\t<\/div>\n\t\t\t\t\t\t<\/div>\n\t\t\t\t<\/div>\n\t\t\t\t<div class=\"elementor-element elementor-element-cd5bbaa elementor-widget elementor-widget-text-editor\" data-id=\"cd5bbaa\" data-element_type=\"widget\" data-e-type=\"widget\" data-widget_type=\"text-editor.default\">\n\t\t\t\t<div class=\"elementor-widget-container\">\n\t\t\t\t\t\t\t\t\t<p>Titulaire d&rsquo;un Master 2 en Droit des Affaires obtenu \u00e0 l&rsquo;Universit\u00e9 de la R\u00e9union, Ma\u00eetre FORNES-MARIN a poursuivi son parcours en r\u00e9ussissant l&rsquo;examen du CRFPA avant d&rsquo;int\u00e9grer l&rsquo;Ecole des Avocats de Toulouse o\u00f9 elle a suivi sa formation initiale d&rsquo;avocate.&nbsp;<\/p>\n<p>A l&rsquo;issue de sa formation, elle a commenc\u00e9 \u00e0 exercer en qualit\u00e9 de collaboratrice au sein d&rsquo;un cabinet g\u00e9n\u00e9raliste. Cette premi\u00e8re exp\u00e9rience professionnelle lui a permit de consolider ses bases juridiques, de d\u00e9velopper une pratique contentieuse rigoureuse et de traiter des dossiers vari\u00e9s avec m\u00e9thode et efficacit\u00e9.&nbsp;<\/p><p>Au cours de cette exp\u00e9rience, elle a notamment une pratique approfondie du droit p\u00e9nal et du droit de la famille, mati\u00e8res exigeantes d&rsquo;un point de vue de la rigueur juridique, de l&rsquo;\u00e9coule et de l&rsquo;accompagnement humain. Ces \u00e9l\u00e9ments constituent aujourd&rsquo;hui le socle de son exercice professionnel.&nbsp;<\/p><p>Cette exp\u00e9rience lui permet d\u00e9sormais de proposer une pratique g\u00e9n\u00e9ralise et d&rsquo;intervenir dans diff\u00e9rents domaines du droit afin de garantir \u00e0 chaque client une prise en charge \u00e0 la fois adapt\u00e9e, efficace et personnalis\u00e9e.&nbsp;<\/p><p>Titulaire du Certificat d&rsquo;Aptitude \u00e0 la Profession d&rsquo;Avocat (CAPA), Ma\u00eetre FORNES-MARIN est inscrite au Barreau de Saint-Denis de la R\u00e9union depuis le 15 d\u00e9cembre 2020.&nbsp;<\/p><p>Depuis septembre 2023, Ma\u00eetre FORNES-MARIN exerce \u00e0 titre lib\u00e9ral. Elle accompagne ainsi ses clients avec s\u00e9rieux, disponibilit\u00e9 et engagement en privil\u00e9giant une approche personnalis\u00e9e et une relation de confiance indispensable \u00e0 une d\u00e9fense efficace de leurs int\u00e9r\u00eats.&nbsp;<\/p><p>Convaincue qu&rsquo;une d\u00e9fense efficace commence par une relation de confiance, elle s&rsquo;efforce de proposer des conseils clairs et adapt\u00e9s, dans un cadre transparent, tout en agissant avec rigueur et r\u00e9activit\u00e9 pour assurer la meilleur protection possible des int\u00e9r\u00eats de ses clients.&nbsp;<\/p>\n<p><\/p>\t\t\t\t\t\t\t\t<\/div>\n\t\t\t\t<\/div>\n\t\t\t\t<div class=\"elementor-element elementor-element-f76245f elementor-widget elementor-widget-button\" data-id=\"f76245f\" data-element_type=\"widget\" data-e-type=\"widget\" data-widget_type=\"button.default\">\n\t\t\t\t<div class=\"elementor-widget-container\">\n\t\t\t\t\t\t\t\t\t<div class=\"elementor-button-wrapper\">\n\t\t\t\t\t<a class=\"elementor-button elementor-button-link elementor-size-sm\" href=\"#\">\n\t\t\t\t\t\t<span class=\"elementor-button-content-wrapper\">\n\t\t\t\t\t\t\t\t\t<span class=\"elementor-button-text\">Contacter le cabinet<\/span>\n\t\t\t\t\t<\/span>\n\t\t\t\t\t<\/a>\n\t\t\t\t<\/div>\n\t\t\t\t\t\t\t\t<\/div>\n\t\t\t\t<\/div>\n\t\t\t\t\t<\/div>\n\t\t<\/div>\n\t\t\t\t<div class=\"elementor-column elementor-col-50 elementor-top-column elementor-element elementor-element-c59473d\" data-id=\"c59473d\" data-element_type=\"column\" data-e-type=\"column\">\n\t\t\t<div class=\"elementor-widget-wrap elementor-element-populated\">\n\t\t\t\t\t\t<div class=\"elementor-element elementor-element-b3dc1fe elementor-widget elementor-widget-text-editor\" data-id=\"b3dc1fe\" data-element_type=\"widget\" data-e-type=\"widget\" data-widget_type=\"text-editor.default\">\n\t\t\t\t<div class=\"elementor-widget-container\">\n\t\t\t\t\t\t\t\t\t<blockquote><p><strong>Mon engagement repose sur quatre valeurs fondamentales: le conseil, l&rsquo;\u00e9coute, la transparence et l&rsquo;efficacit\u00e9. J&rsquo;accompagne chaque client avec attention et respect.\u00a0<\/strong><\/p><\/blockquote>\t\t\t\t\t\t\t\t<\/div>\n\t\t\t\t<\/div>\n\t\t\t\t<div class=\"elementor-element elementor-element-8467e36 elementor-widget elementor-widget-image\" data-id=\"8467e36\" data-element_type=\"widget\" data-e-type=\"widget\" data-widget_type=\"image.default\">\n\t\t\t\t<div class=\"elementor-widget-container\">\n\t\t\t\t\t\t\t\t\t\t\t\t\t\t\t<img fetchpriority=\"high\" decoding=\"async\" width=\"456\" height=\"670\" src=\"https:\/\/mfm-avocat.fr\/wp-content\/uploads\/2026\/02\/MFM-portrait.png\" class=\"attachment-full size-full wp-image-1242\" alt=\"\" srcset=\"https:\/\/mfm-avocat.fr\/wp-content\/uploads\/2026\/02\/MFM-portrait.png 456w, https:\/\/mfm-avocat.fr\/wp-content\/uploads\/2026\/02\/MFM-portrait-204x300.png 204w\" sizes=\"(max-width: 456px) 100vw, 456px\" \/>\t\t\t\t\t\t\t\t\t\t\t\t\t\t\t<\/div>\n\t\t\t\t<\/div>\n\t\t\t\t\t<\/div>\n\t\t<\/div>\n\t\t\t\t\t<\/div>\n\t\t<\/section>\n\t\t\t\t<\/div>\n\t\t","protected":false},"excerpt":{"rendered":"<p>A propos de Ma\u00eetre FORNES-MARIN Titulaire d&rsquo;un Master 2 en Droit des Affaires obtenu \u00e0 l&rsquo;Universit\u00e9 de la R\u00e9union, Ma\u00eetre FORNES-MARIN a poursuivi son parcours en r\u00e9ussissant l&rsquo;examen du CRFPA avant d&rsquo;int\u00e9grer l&rsquo;Ecole des Avocats de Toulouse o\u00f9 elle a suivi sa formation initiale d&rsquo;avocate.&nbsp; A l&rsquo;issue de sa formation, elle a commenc\u00e9 \u00e0 exercer [&hellip;]<\/p>\n","protected":false},"author":1,"featured_media":0,"parent":0,"menu_order":0,"comment_status":"closed","ping_status":"closed","template":"","meta":{"site-sidebar-layout":"no-sidebar","site-content-layout":"page-builder","ast-site-content-layout":"default","site-content-style":"default","site-sidebar-style":"default","ast-global-header-display":"","ast-banner-title-visibility":"","ast-main-header-display":"","ast-hfb-above-header-display":"","ast-hfb-below-header-display":"","ast-hfb-mobile-header-display":"","site-post-title":"disabled","ast-breadcrumbs-content":"disabled","ast-featured-img":"disabled","footer-sml-layout":"","ast-disable-related-posts":"","theme-transparent-header-meta":"enabled","adv-header-id-meta":"","stick-header-meta":"","header-above-stick-meta":"","header-main-stick-meta":"","header-below-stick-meta":"","astra-migrate-meta-layouts":"default","ast-page-background-enabled":"default","ast-page-background-meta":{"desktop":{"background-color":"","background-image":"","background-repeat":"repeat","background-position":"center center","background-size":"auto","background-attachment":"scroll","background-type":"","background-media":"","overlay-type":"","overlay-color":"","overlay-opacity":"","overlay-gradient":""},"tablet":{"background-color":"","background-image":"","background-repeat":"repeat","background-position":"center center","background-size":"auto","background-attachment":"scroll","background-type":"","background-media":"","overlay-type":"","overlay-color":"","overlay-opacity":"","overlay-gradient":""},"mobile":{"background-color":"","background-image":"","background-repeat":"repeat","background-position":"center center","background-size":"auto","background-attachment":"scroll","background-type":"","background-media":"","overlay-type":"","overlay-color":"","overlay-opacity":"","overlay-gradient":""}},"ast-content-background-meta":{"desktop":{"background-color":"var(--ast-global-color-5)","background-image":"","background-repeat":"repeat","background-position":"center center","background-size":"auto","background-attachment":"scroll","background-type":"","background-media":"","overlay-type":"","overlay-color":"","overlay-opacity":"","overlay-gradient":""},"tablet":{"background-color":"var(--ast-global-color-5)","background-image":"","background-repeat":"repeat","background-position":"center center","background-size":"auto","background-attachment":"scroll","background-type":"","background-media":"","overlay-type":"","overlay-color":"","overlay-opacity":"","overlay-gradient":""},"mobile":{"background-color":"var(--ast-global-color-5)","background-image":"","background-repeat":"repeat","background-position":"center center","background-size":"auto","background-attachment":"scroll","background-type":"","background-media":"","overlay-type":"","overlay-color":"","overlay-opacity":"","overlay-gradient":""}},"footnotes":""},"class_list":["post-831","page","type-page","status-publish","hentry"],"_links":{"self":[{"href":"https:\/\/mfm-avocat.fr\/index.php\/wp-json\/wp\/v2\/pages\/831","targetHints":{"allow":["GET"]}}],"collection":[{"href":"https:\/\/mfm-avocat.fr\/index.php\/wp-json\/wp\/v2\/pages"}],"about":[{"href":"https:\/\/mfm-avocat.fr\/index.php\/wp-json\/wp\/v2\/types\/page"}],"author":[{"embeddable":true,"href":"https:\/\/mfm-avocat.fr\/index.php\/wp-json\/wp\/v2\/users\/1"}],"replies":[{"embeddable":true,"href":"https:\/\/mfm-avocat.fr\/index.php\/wp-json\/wp\/v2\/comments?post=831"}],"version-history":[{"count":18,"href":"https:\/\/mfm-avocat.fr\/index.php\/wp-json\/wp\/v2\/pages\/831\/revisions"}],"predecessor-version":[{"id":1360,"href":"https:\/\/mfm-avocat.fr\/index.php\/wp-json\/wp\/v2\/pages\/831\/revisions\/1360"}],"wp:attachment":[{"href":"https:\/\/mfm-avocat.fr\/index.php\/wp-json\/wp\/v2\/media?parent=831"}],"curies":[{"name":"wp","href":"https:\/\/api.w.org\/{rel}","templated":true}]}}